ime factors of v?
37
Suppose -31 = -d + 3. Let c = d + -22. Suppose -3*t + 8*t = 4*z + c, 6 = 3*z. What are the prime factors of t?
2
Let b(i) = -4*i + 34. List the prime factors of b(0).
2, 17
Let y(o) be the first derivative of 14*o + 1/3*o**3 + 1/2*o**2 - 3. What are the prime factors of y(0)?
2, 7
Let v be (-382)/(-18) + (-2)/9. Let q = -6 + v. List the prime factors of q.
3, 5
List the prime factors of 11 - -6 - -1*1.
2, 3
Suppose -q = -8 + 2. Let d be 1 - q/1*1. List the prime factors of (18/5)/((-2)/d).
3
Let h(f) = -2*f**3 - 4*f**2 - 6*f. Suppose 3*a + 8 = -4. Let s be h(a). Suppose 6*t - 2*t = 5*d + s, 5*d = -5*t + 65. What are the prime factors of t?
17
Let w(z) = -9*z - 72. List the prime factors of w(-25).
3, 17
Let i be (-3 + 4)/((-1)/(-64)). Suppose -m - i = -5*m. What are the prime factors of m?
2
Let s be (3/4)/(3/12). Suppose 2*a + 46 = 4*v + 5*a, -2*v = -s*a - 32. List the prime factors of v.
13
Suppose -7 + 1 = -2*k. Suppose -k*h = -2 - 7. List the prime factors of 19/h - 3/9.
2, 3
Let m(o) be the third derivative of o**5/60 - o**4/4 + o**3/2 + o**2. Suppose 3*f - 20 = -2*b, 5*b + 3*f - f - 39 = 0. List the prime factors of m(b).
2, 5
Let r = 43 + 16. List the prime factors of r.
59
Let f = -15 - -3. What are the prime factors of 212/14 - f/(-84)?
3, 5
Suppose 5 = -2*h + 3*y, 10 = -3*h - y + 6*y. Suppose -h*w = -0*w - 25. Suppose 2*z - 56 = -5*b, -w*b + 4*z + 22 = -16. What are the prime factors of b?
2, 5
What are the prime factors of (8/(-4))/((-4)/10)?
5
Suppose -7*m + 108 = -m. List the prime factors of m.
2, 3
Suppose 3*o = 16 + 8. Suppose o = -n + 3*n. What are the prime factors of n?
2
Let r(f) = -f**3 + 4*f**2 - f - 1. Let u be (-2 + 4)*3/2. Let z be r(u). Suppose -z*c + 2*c = -6. List the prime factors of c.
2
Suppose -2*k + 708 - 256 = 0. What are the prime factors of k?
2, 113
Let k(f) = 4*f**2 - 2*f - 1. Let j be k(-1). Suppose 4 = s + 3, -29 = -4*z - j*s. List the prime factors of z.
2, 3
Let p(j) = 2*j**2 - j - 3. Suppose 7 - 1 = 2*c. Let s be p(c). Suppose -2*t - s = -4*t. What are the prime factors of t?
2, 3
Let g be 74/1 + (1 - 1). Let f = g - 43. What are the prime factors of f?
31
Let w(p) = 189*p - 4. What are the prime factors of w(1)?
5, 37
Let z = -5 - -69. Let a = z + -37. What are the prime factors of a?
3
Let u be (-1)/(0 + 1)*1. Let v = u - 1. What are the prime factors of 1 + v + 2 + 2?
3
Suppose 5*r = -2 - 3, 4*z = 2*r - 14. Let g = 23 - z. List the prime factors of g.
3
Let w = 73 + -61. What are the prime factors of w?
2, 3
Let p(f) = -27*f + 14. What are the prime factors of p(-4)?
2, 61
List the prime factors of 5/(-25) + (-372)/(-10).
37
Let r(w) = w**3 + 8*w**2 - 33*w - 9. What are the prime factors of r(-10)?
11
Let c be (3/3)/((-1)/2). Let n = 8 + c. What are the prime factors of n?
2, 3
Let q(h) = -5*h**3 - h. Let a be q(-1). Suppose 4*r - a = r. Suppose j + 12 = -5*y, -y + r*y + 44 = 3*j. List the prime factors of j.
13
Let w(b) = -b**2 + 9*b - 9. Let a be w(8). Let u(y) = -33*y. List the prime factors of u(a).
3, 11
Suppose -3*q - q + 2*k + 114 = 0, 5*q - 136 = -4*k. List the prime factors of q.
2, 7
Let i(o) = o**3 + 8*o**2 - 9*o + 2. Let u be i(-9). Suppose z - 2*j + u - 14 = 0, 4*z = 4*j + 40. List the prime factors of z.
2
Let f(t) = -t**3 - 3*t**2 + 2*t. Let o be f(-3). Let r be (4/(-6))/(4/o). Let v = r - -1. List the prime factors of v.
2
Suppose 5*f + 49 = -2*r + 952, 525 = 3*f - 3*r. What are the prime factors of f?
179
Suppose -a + 41 = 3*z, 0*z = 2*z - 5*a + 1. Let b = 28 - 31. Let p = z + b. List the prime factors of p.
3
What are the prime factors of 128 + 2 + 2 + -1?
131
Let q be (10/(-20))/(2/(-344)). Suppose -3*p = -28 - q. What are the prime factors of p?
2, 19
Suppose y - f - 1 = 0, 0*f - 12 = -2*y - 3*f. Suppose a + 5*h = 2*a + 24, y*a + 54 = -3*h. Let n = -8 - a. List the prime factors of n.
11
Let s be ((2 - 2)/3)/1. Suppose s = 2*n - 3*u - 2*u - 3, 2*n - u = 15. List the prime factors of n.
3
Let f(i) = 3*i**2 - 6*i. Let t = 9 + -11. Let h = 2 - t. List the prime factors of f(h).
2, 3
Let y be (0 + -1)/(1/3). Let m = -5 - y. Let c(i) = -i**3 - i**2 - i + 2. List the prime factors of c(m).
2
What are the prime factors of (-284)/(-18) + 24/108?
2
Let c = -1 + 2. List the prime factors of ((-666)/(-36))/(c/2).
37
Let h(u) = -u**2 - 3*u + 2. Let c be h(-3). What are the prime factors of 20 + (3 - c - 4)?
17
Suppose 4*q + 1 = 25. Let l = 10 + q. What are the prime factors of l?
2
Let z(u) = 2*u**2 - 3*u**2 + 0*u**2 + 5 + 5*u. Let i be z(5). Suppose 4*g - k = 8 - 1, -i*k = 4*g - 13. List the prime factors of g.
2
Let g = -3 - 0. Suppose 0 = -2*f - 0*f + 26. Let k = f + g. What are the prime factors of k?
2, 5
Let o(v) = -v**3 - 3*v**2 + v - 4. Let x be o(-5). Suppose 3*m + 3*s - 6 = 0, -4*s = -4*m + 7 + x. List the prime factors of m.
7
Let o = -96 - -172. Suppose 3*q + u + 0*u = o, 0 = u + 5. List the prime factors of q.
3
What are the prime factors of ((-1)/(-3))/((-8)/(-360))?
3, 5
Suppose 0*d + 5 = 5*d. Let q be -6*d/((-2)/(-2)). Let v = 14 - q. List the prime factors of v.
2, 5
Let f(n) = 4*n**2 + 4*n - 4. What are the prime factors of f(2)?
2, 5
Let h = 16 + 3. List the prime factors of h.
19
Let y(a) = -2*a - 4. Let q be y(-10). Suppose 0*l + 4*l = q. Suppose 3*b = -3*w + 45, -w - l*b + 6 = -3. What are the prime factors of w?
17
Suppose 67 = q + 5*x, -2*x + 3*x = 3*q - 153. What are the prime factors of q?
2, 13
Let l(c) = -13*c - 1. List the prime factors of l(-2).
5
Let x(w) = 184*w - 1. Let i be x(1). Let d be 2 - 69/(9/3). List the prime factors of 4/14 - i/d.
3
Suppose 4*o + 96 = 7*o. List the prime factors of o.
2
Suppose -4*f = 31 + 17. Let a = f - -10. Let b = 6 + a. List the prime factors of b.
2
Suppose 9*p + 726 = 2706. What are the prime factors of p?
2, 5, 11
Let q = -5 + 8. Suppose 0*d = d - q. Suppose -5*f + 57 = 3*z, -z + d*z + 62 = 5*f. List the prime factors of f.
2, 3
Suppose 4*b = x + 67, x = -3*b + 45 + 14. What are the prime factors of b?
2, 3
Let s = -35 - -54. What are the prime factors of s?
19
Let i = 3 + 0. Suppose 6 = -i*u + 4*u. List the prime factors of u.
2, 3
Let p(w) = 23*w + 3. List the prime factors of p(4).
5, 19
Suppose 2*d = -4 - 0. Let p = d + 15. Let z = p + -3. List the prime factors of z.
2, 5
Let q = 3 + -6. Let w = 15 - 9. Let v = w + q. What are the prime factors of v?
3
Let c = 4 - 0. Suppose f = c*f - 48. List the prime factors of f.
2
Let n = -12 + 72. Suppose -201 = -3*g - r - n, 0 = 4*r. What are the prime factors of g?
47
List the prime factors of (-90)/(0 - 6/4).
2, 3, 5
Let t(o) = -2*o + 1. Let m be t(4). Let f = 10 + m. Suppose -30 = -f*j - 2*j. What are the prime factors of j?
2, 3
Let s(g) be the third derivative of g**4/24 + 11*g**3/6 - 3*g**2. Let a(h) = h + 2. Let j be a(-7). What are the prime factors of s(j)?
2, 3
Suppose -3*r = 0, -n + r = -r - 186. List the prime factors of n.
2, 3, 31
Let t = 4 + -1. Let d be (-16)/(-9) - (-4)/18. List the prime factors of t/(2 - d/4).
2
Let t be (-3 + (-123 - -2))*-1. Suppose 3*c - 7*c = -t. List the prime factors of c.
31
Let c = -25 - -37. List the prime factors of c.
2, 3
Let c(p) = p + 4. Let d(n) = -n + 1. Let g(t) = -c(t) + 5*d(t). What are the prime factors of g(-1)?
7
Suppose -2*m + 5*m = -48. List the prime factors of (-172)/m - (-2)/8.
11
Suppose m + 232 = 4*t - t, 164 = 2*t - 3*m. List the prime factors of t.
2, 19
Let y = 3 - -6. What are the prime factors of y?
3
Let z(y) be the second derivative of y**6/720 + y**5/60 - y**4/4 + y. Let m(i) be the third derivative of z(i). What are the prime factors of m(0)?
2
Suppose 2*m + t = 79, -2*m - m + 2*t + 122 = 0. What are the prime factors of m?
2, 5
Suppose h = 4*h + 3. Let j(n) = -6*n - 1. List the prime factors of j(h).
5
Let o = -7 - -11. Let a = -1 + o. List the prime factors of a.
3
Let r(k) = 4*k**2 + 3*k - 2. List the prime factors of r(-4).
2, 5
Suppose -2*o = 3*o + 180. Let v = o + 64. Suppose 5*k + v = 2*i + 81, 2*k - 3*i = 19. List the prime factors of k.
11
Let n(g) = -136*g**3 - g**2 + 1. What are the prime factors of n(-1)?
2, 17
Suppose -25 = -2*q + 1. List the prime factors of q.
13
Let g = 4 - 7. Let h = 11 + -12. List the prime factors of -1 - ((g - 2) + h).
5
Let k(o) = o + 6. Let w